((-6)/(-16)). What are the prime factors of 22/s - 2/(-1)?
13
Suppose g = -2*b + 39, 3*b + 29 = -3*g + 4*g. List the prime factors of g.
5, 7
Suppose 0 = -10*d + 1347 + 2433. List the prime factors of d.
2, 3, 7
List the prime factors of 1*-8*(-1328)/64.
2, 83
List the prime factors of (-2 - 309)/((-11)/11).
311
Let q(b) = b - 2. Let c be q(5). Let n = 5 - 3. Suppose 4*w - 2*w = n*j + 12, 0 = w + c*j - 14. List the prime factors of w.
2
Let i(g) be the first derivative of g**2 + 3*g + 1. Let y be i(3). Suppose 3*s - 6 = y. What are the prime factors of s?
5
Let m = 3 - 0. Let n be 1*m - (2 - 3). What are the prime factors of n/(8/(-6)) + 21?
2, 3
Suppose -3*d + 6 = -0. Let i(t) = -t**2 - 16*t - 8. Let r be i(-10). Suppose -3*s - 135 = -5*u - 47, -d*s - r = -3*u. List the prime factors of u.
2, 5
Suppose -2*x + 9 = -5*x. Let p be ((-3)/x - -5) + -2. Suppose 6 - 38 = -p*o. List the prime factors of o.
2
Let y(q) = 2*q**2 - 2*q + 79. List the prime factors of y(0).
79
Let m = 71 - 41. Suppose -5*x - 150 = -5*y, -y - x + 3*x + m = 0. Suppose 6*l = l + y. What are the prime factors of l?
2, 3
Let f(h) = -h + 2. Let r = -8 + 2. List the prime factors of f(r).
2
Suppose -75 = 4*q + q. Suppose h + 4*h + 54 = -3*v, -4*v = 3*h + 39. Let c = h - q. List the prime factors of c.
2, 3
Let m = 187 - 129. Suppose h = 3*w - m, 34 = 4*w + 5*h - 56. What are the prime factors of w?
2, 5
Suppose 2 = 5*i - 8. Let s be (1 - -12) + i + -3. Suppose -d = -2*d + s. What are the prime factors of d?
2, 3
Let c = 9 + -5. Let j(d) = 5*d**2 - c*d - d**2 + 5*d - 1. List the prime factors of j(1).
2
Let c be 1/1 + 5 + -2. Suppose -3*f = i - 26, -3*f + c*i = 2 - 3. Suppose f = w - 7. What are the prime factors of w?
2, 7
Suppose n + 5 = -0*n. List the prime factors of n + 3 + 14/2.
5
Suppose 0 = -4*k + 5*u + 230, -u - 2*u - 54 = -k. Suppose -2*n - k = 3*n. What are the prime factors of (-32)/(-6) - 8/n?
2, 3
Suppose 5*k - 18 - 212 = -5*n, 0 = 4*n - 3*k - 191. List the prime factors of n.
47
Suppose 0 = -i - 4*n - 18, 0 = -4*i - i + n + 15. Let m = 4 + i. List the prime factors of m.
2, 3
Let y = 21 + -2. What are the prime factors of y?
19
Let g be 8/28 + (-66)/(-14). Suppose 5*y + 10 = -15, g*q - 100 = 3*y. Suppose -2*l + u + q = 0, 41 = 4*l + u + 4*u. List the prime factors of l.
3
Let n(d) = 5*d - 45. List the prime factors of n(19).
2, 5
Let u = -54 + 94. Suppose 36 = 4*q - u. List the prime factors of q.
19
Let w = -1 - 2. Let q be 39/(-9) + 2/w. What are the prime factors of 27/5 + 2/q?
5
Let q be (2/(-3))/((-2)/15). Let j(a) = a**3 - 5*a**2 + a. Let v be j(q). Suppose y = v*w - 3, -2*y = 4*w - 3 - 19. List the prime factors of y.
7
Suppose -160 = -3*g - 13. What are the prime factors of g?
7
Let d = 6 - 2. Let u be (d/(-14))/((-2)/14). Suppose 2*q - 36 = -2*q - u*a, 3*q + 5*a = 34. List the prime factors of q.
2
Let g(s) = 3*s - 6. Let o be g(3). Suppose 8 = -4*l + 4*c, 6*c - o*c = -4*l + 20. What are the prime factors of l?
2
Let v = -17 - -41. Suppose 2*r - r = v. List the prime factors of r.
2, 3
Let o(l) = 5*l + 32. What are the prime factors of o(10)?
2, 41
Let z(g) = g**2 + 8*g + 1. Let f be z(-7). Let d = -4 - f. Suppose -3*s = -5*l + 27, -d*s + 26 = 4*l - 0*s. What are the prime factors of l?
2, 3
Suppose 4*w = -5*f + 28, -3*f - 23 - 12 = -5*w. What are the prime factors of w?
7
Let m be 1/(98/(-50) - -2). Let p = -16 + m. What are the prime factors of p?
3
Let s(o) = 2*o**2 + 2*o + 3. Let j(z) = z**3 + 5*z**2 + 5*z + 7. Let l(c) = -4*j(c) + 9*s(c). List the prime factors of l(-1).
3
Suppose 3*c - 2*c - 312 = -5*q, -2*q + 116 = -4*c. Suppose -q + 18 = -4*m. What are the prime factors of m?
11
Let u(m) = m**2 + 9*m + 4. List the prime factors of u(-18).
2, 83
List the prime factors of 4/16 - (-460)/16.
29
Suppose 3*c - 2*c - 3*z + 7 = 0, 0 = -2*c + z + 6. Suppose -22 = -c*w + 33. List the prime factors of w.
11
Let c be (-3)/(12/(-200)) + -3. Let s = c - 15. What are the prime factors of s?
2
Suppose 4*t + 4*n + 20 = 2*t, 4*t - 2*n + 20 = 0. Let m = t - -8. Suppose 0*o = 2*o - m*y - 12, -2*y = 4*o - 24. What are the prime factors of o?
2, 3
Let u(h) = 5*h + 18. Let m be u(-6). Let j be 1/(-2)*(2 - 0). What are the prime factors of m/j - 0/2?
2, 3
Let a be ((-5)/3)/((-2)/6). Suppose -2 + a = -i. What are the prime factors of i*(-16)/(-6)*-2?
2
Suppose -21 = -2*p - p. Suppose -26 = -3*s + p. List the prime factors of s.
11
What are the prime factors of (-2)/(0 - 2/12)?
2, 3
Suppose 5*y - 40 = 4*g, 5*g + 5*y + 6 = 1. Let q(h) = -h - 2. List the prime factors of q(g).
3
Suppose 0 = -5*h + 3*d - 70, 2*h + d + 4*d + 28 = 0. Let q = h - -46. What are the prime factors of q?
2
Let b be (-1 - 25/(-2))*-8. Let q = -65 - b. List the prime factors of q.
3
Suppose -2*n + n = -19. List the prime factors of n.
19
Suppose 4*c - 3*y - 462 = 0, -5*c - 3*y + 240 = -3*c. What are the prime factors of c?
3, 13
Suppose 5*y = 3*y + 6. Suppose -y*d - 12 = -18. List the prime factors of d.
2
Let s(f) be the third derivative of -f**2 - 1/12*f**4 + 0 - 1/6*f**3 + 0*f. List the prime factors of s(-4).
7
Let d(o) be the third derivative of -7*o**5/60 - o**4/4 + o**3/6 - 4*o**2. Let l be d(4). List the prime factors of l/(-12) + (-1)/4.
11
Let l be 104/(-24) - 1/(-3). Let x(r) = -r - 2. What are the prime factors of x(l)?
2
Let n = 10 + -7. List the prime factors of n.
3
Suppose 5*h = 3*h + 46. What are the prime factors of h?
23
Suppose -184 + 35 = -4*v + l, -33 = -v - 4*l. List the prime factors of v.
37
Let f(u) be the third derivative of -u**6/120 - u**5/12 + u**4/8 + 2*u**3/3 + u**2. Let n be f(-5). Let x = n + 19. What are the prime factors of x?
2
Let i be (-20)/6*18/(-5). Suppose 0 = -5*x + 2*x + i. List the prime factors of x.
2
Let b be (-12)/10*(-60)/18. Suppose -5 - b = f. List the prime factors of (1 - f) + (-4 - -6).
2, 3
Suppose 3*h + 60 = -3*k, h + 43 = -2*k - 4*h. Let w = -10 - k. List the prime factors of w.
3
List the prime factors of 17 + 7 + 0/(-2).
2, 3
Let w = -131 - -134. What are the prime factors of w?
3
Suppose 23 - 71 = -x. Let z = x + -27. List the prime factors of z.
3, 7
Let z = -17 - -54. What are the prime factors of z?
37
Let a(t) = t + 9. Let n = 12 - 17. List the prime factors of a(n).
2
Let t be 36 + (1 - -2) + -4. Suppose -5*c = -50 - t. What are the prime factors of c?
17
Let g be ((-44)/(-12))/(1/3). Suppose 9 = w - g. What are the prime factors of w?
2, 5
Let j(d) = d + 7. Let m be j(-8). Let o(q) = -4*q**2 + q. Let w be o(m). Let y = 16 + w. List the prime factors of y.
11
Suppose 5*h - 2*h = -y + 54, 2*y = 4*h - 62. What are the prime factors of h?
17
Let c be 1 + 3/(0 - 3). Suppose -2*z + c*z = -12. What are the prime factors of z?
2, 3
Suppose -35 = -3*p - 11. Suppose -v + p + 1 = 0. List the prime factors of v.
3
Let s be 36/15 + (-6)/15. Suppose -3*o + 2*u - 18 = -53, u - s = 0. List the prime factors of o.
13
Suppose 4*z = y - 10, -23 = -4*y + z - 2*z. Let o be (-1 - 2)*(-4)/y. Suppose o = 3*f - 22. List the prime factors of f.
2
Suppose 0 = 5*g + x - 54, -7*g + 3*g + 45 = -x. List the prime factors of g.
11
Suppose -3*b + 465 = 5*r, b + 103 - 290 = -2*r. List the prime factors of r.
2, 3
Let w(i) be the third derivative of i**5/60 - i**4/3 + 5*i**3/6 + i**2. Let b be w(7). What are the prime factors of -2*3/b*1?
3
Let y(i) = 16*i - 1. What are the prime factors of y(2)?
31
Let b(j) = -j**2 - 6*j - 3. Let o(d) = d + 1. Let f(i) = b(i) - o(i). Let r be f(-6). List the prime factors of 3/((-9)/(-30)) - r.
2
Suppose 2*t - 43 - 3 = 0. List the prime factors of t.
23
Let x(m) = m**2 + 10*m + 12. Let o be x(-10). Suppose -w - o = -4*w. Suppose -3*c + w = -32. What are the prime factors of c?
2, 3
Let s(m) = -m**3 + 13*m**2 + 3*m - 10. Let o(p) = -p**2. Let q(b) = -6*o(b) - s(b). List the prime factors of q(8).
2, 5
Suppose 5*b + 0*b - 25 = 0. Suppose f + 4*f = 3*v, -b*v = 2*f - 31. List the prime factors of f.
3
Let c = 29 - 49. What are the prime factors of (c - 0)/(-2) + 2?
2, 3
Suppose -5*l = 5*q + 80, 5*q + 20 = -0*l - 2*l. Suppose -1 = -3*u + 116. Let a = u + l. What are the prime factors of a?
19
Let k = -19 - -27. Let y be ((-1)/(-2))/(3/(-12)). Let m = y + k. List the prime factors of m.
2, 3
Suppose 2*g - 3*x - 48 = -g, -5*g = -x - 68. L